{"id":57,"date":"2011-05-31T20:10:54","date_gmt":"2011-05-31T20:10:54","guid":{"rendered":"http:\/\/noieszencia.hu\/?page_id=57"},"modified":"2018-02-18T18:40:19","modified_gmt":"2018-02-18T17:40:19","slug":"bemutatkozas","status":"publish","type":"page","link":"http:\/\/noieszencia.hu\/?page_id=57","title":{"rendered":"Bemutatkoz\u00e1s"},"content":{"rendered":"<h2 style=\"text-align: center;\">Bemutatkoz\u00e1s<\/h2>\n<p>&nbsp;<\/p>\n<h3 style=\"text-align: center;\">L\u00e1z\u00e1r Ildik\u00f3<\/h3>\n<p>&nbsp;<\/p>\n<p style=\"text-align: justify;\">16 \u00e9ves korom \u00f3ta \u00e9rdekelnek az \u00f6nismereti, szem\u00e9lyis\u00e9gfejleszt\u0151 m\u00f3dszerek, maga az EMBER.<\/p>\n<p style=\"text-align: justify;\">Tanulm\u00e1nyaimat e t\u00e9m\u00e1ban 1993-ban kezdtem, az\u00f3ta k\u00edv\u00e1ncsis\u00e1gom \u00e9s v\u00e1gyam a tanul\u00e1sra kiapadhatatlan.<\/p>\n<p style=\"text-align: justify;\">A hobbiszint\u0171 \u00e9rdekl\u0151d\u00e9sb\u0151l, \u00f6nmagam keres\u00e9s\u00e9b\u0151l \u00e9s megismer\u00e9s\u00e9b\u0151l 1999-re \u00e9letre sz\u00f3l\u00f3 elhivatotts\u00e1g \u00e9s l\u00e9nyemet meghat\u00e1roz\u00f3 hivat\u00e1s lett.<\/p>\n<p style=\"text-align: justify;\">&nbsp;<\/p>\n<p style=\"text-align: justify;\">2000-ben kineziol\u00f3gia szakvizsg\u00e1t tettem az Eg\u00e9szs\u00e9g\u00fcgyi Szakk\u00e9pz\u0151 \u00e9s Tov\u00e1bbk\u00e9pz\u0151 Int\u00e9zetben. A kineziol\u00f3gia \u00e1gai k\u00f6z\u00fcl a One Brain, a Touch for Health, Stress-release \u00e9s az EDU m\u00f3dszereket saj\u00e1t\u00edtottam el.<\/p>\n<p style=\"text-align: justify;\">2017 tavasz\u00e1n \u00fajra gazdag\u00edtottam eszk\u00f6zt\u00e1ramat, az &#8222;Atlantisz Eml\u00e9kezete &#8211; a l\u00e9lek j\u00e1t\u00e9ka&#8221; \u00f6nismereti t\u00e1rsasj\u00e1t\u00e9k okleveles j\u00e1t\u00e9kmestere lettem.<\/p>\n<p style=\"text-align: justify;\">Munk\u00e1m alapj\u00e1t a kineziol\u00f3gia, a tranzakci\u00f3anal\u00edzis, a csal\u00e1dter\u00e1pia \u00e9s a <a class=\"ownref\" title=\"Hellinger-f\u00e9le csal\u00e1d\u00e1ll\u00edt\u00e1s\" href=\"http:\/\/noieszencia.hu\/?page_id=300\">csal\u00e1d- \u00e9s rendszerfel\u00e1ll\u00edt\u00e1s<\/a> szeml\u00e9letm\u00f3dja \u00e9s m\u00f3dszertana adja.<\/p>\n<p style=\"text-align: justify;\">&nbsp;<\/p>\n<p style=\"text-align: justify;\">A fenti m\u00f3dszereken fel\u00fcl tanultam grafol\u00f3gi\u00e1t, EFT-t (Emotional Freedom Technics), Reiki-t, projekt\u00edv rajzelemz\u00e9st \u00e9s dinamikus rajzvizsg\u00e1latot, kronobiol\u00f3giai pszichogenetik\u00e1t, sorselemz\u00e9st (Tarot \u00e9s Sz\u00e1mmisztika), Bach-vir\u00e1gter\u00e1pi\u00e1t, Grafo-pszicho-morbo anal\u00edzist, valamint tr\u00e9nerk\u00e9pz\u0151t v\u00e9geztem.<\/p>\n<p style=\"text-align: justify;\">&nbsp;<\/p>\n<p style=\"text-align: justify;\">Munk\u00e1m alapk\u00f6ve a rendszerszeml\u00e9let: rendszerekben, \u00f6sszef\u00fcgg\u00e9sekben, kapcsolatokban gondolkodom \u00e9s dolgozom. Vallom, hogy sem az ember, sem egy-egy probl\u00e9m\u00e1ja nem kezelhet\u0151 elszigetelt egys\u00e9gk\u00e9nt, hiszen szoros kapcsolatban \u00e1ll k\u00f6rnyezet\u00e9vel.<\/p>\n<p style=\"text-align: justify;\">&nbsp;<\/p>\n<p style=\"text-align: justify;\">Az alkot\u00e1s \u00f6ngy\u00f3gy\u00edt\u00f3 ereje<\/p>\n<p style=\"text-align: justify;\">Eg\u00e9sz \u00e9letemet v\u00e9gigk\u00eds\u00e9rte az alkot\u00e1s v\u00e1gya \u00e9s sz\u00fcks\u00e9glete. Folyamatos ig\u00e9nyem, hogy alkossak valamit sz\u00edvvel, l\u00e9lekkel, a k\u00e9t kezemmel. Ez a tev\u00e9kenys\u00e9g eggy\u00e9 v\u00e1lt a l\u00e9tez\u00e9semmel. Alkot\u00e1ssal t\u00f6lt\u0151d\u00f6m, vigasztal\u00f3dom, ez egyens\u00falyom, boldogs\u00e1gom egyik alapja. A k\u00e9zm\u0171vess\u00e9g sz\u00e1mos ir\u00e1nyzat\u00e1t elsaj\u00e1t\u00edtottam \u00e9s m\u0171velem (pl. \u00e9kszerk\u00e9sz\u00edt\u00e9s, nemezel\u00e9s, k\u00f6t\u00e9s, horgol\u00e1s, h\u00edmz\u00e9s stb.) Tanultam akvarellfest\u00e9st a Napf\u00e9nyes Alap\u00edtv\u00e1nyn\u00e1l Szab\u00f3 Norbertt\u0151l, akrilfest\u00e9st a M\u0171v\u00e9szell\u00e1t\u00f3 szervez\u00e9s\u00e9ben, rajzmedit\u00e1ci\u00f3t Mucsi Tin\u00e1n\u00e1l, elv\u00e9geztem a jobb agyf\u00e9ltek\u00e9s rajztanfolyamot Mur\u00e1nyi Ildik\u00f3n\u00e1l. R\u00e9szt vettem Tamar Hazut (Izrael) m\u0171v\u00e9szetter\u00e1pia workshopj\u00e1n, jelenleg m\u0171v\u00e9szet- \u00e9s szocioterapeuta k\u00e9pz\u00e9sem folyik. \u00c9vek \u00f3ta tanulm\u00e1nyozom a szakr\u00e1lis geometri\u00e1t, a szimb\u00f3lumokat \u00e9s a szimb\u00f3lumgy\u00f3gy\u00edt\u00e1s lehet\u0151s\u00e9geit. 2000 \u00f3ta tartok kreat\u00edv csoportos foglalkoz\u00e1sokat (pl. k\u00e9zm\u0171ves m\u0171helyek, mandalafest\u00e9s, zen rajz-old\u00e1s).<br \/>\nAz \u00f6nismereti \u00e9s alkot\u00e1ster\u00e1pi\u00e1s m\u00f3dszereken alapul\u00f3 kreat\u00edv foglalkoz\u00e1sok tart\u00e1s\u00e1val az a c\u00e9lom, hogy a r\u00e9sztvev\u0151k megtapasztalj\u00e1k a szabadon alkot\u00e1s \u00f6r\u00f6m\u00e9t, pozit\u00edv hat\u00e1sait, \u00f6nismeretet, kreativit\u00e1st, b\u00e1tors\u00e1got, \u00f6nbizalmat, old\u00f3d\u00e1st \u00e9s t\u00f6lt\u0151d\u00e9st mer\u00edtsenek bel\u0151le, majd k\u00e9s\u0151bb tev\u00e9kenys\u00e9g\u00fck saj\u00e1t \u00f6ngy\u00f3gy\u00edt\u00e1suk alapj\u00e1v\u00e1 v\u00e1ljon. Az alkot\u00e1s napi szint\u0171 gyakorl\u00e1sa engem is megaj\u00e1nd\u00e9koz mindezzel.<\/p>\n<p style=\"text-align: justify;\">&nbsp;<\/p>\n<p style=\"text-align: justify;\">\u00d6sszefoglalva egy\u00e9ni tan\u00e1csad\u00e1ssal, csal\u00e1d- \u00e9s rendszer\u00e1ll\u00edt\u00e1sok, valamint kreat\u00edv foglalkoz\u00e1sok \u00e9s \u00f6nismereti tr\u00e9ningek vezet\u00e9s\u00e9vel seg\u00edtem a hozz\u00e1m fordul\u00f3kat.<\/p>\n<p style=\"text-align: justify;\">&nbsp;<\/p>\n<p style=\"text-align: justify;\">Rend\u00edthetetlen\u00fcl hiszek a v\u00e1ltoz\u00e1sban, a fejl\u0151d\u00e9sben, az emberi l\u00e9t csod\u00e1j\u00e1ban, abban, hogy van v\u00e1laszt\u00e1sunk, \u00e9s mi\u00e9nk a felel\u0151ss\u00e9g az \u00e9let\u00fcnk\u00e9rt.<\/p>\n<p style=\"text-align: justify;\">&nbsp;<\/p>\n<table class=\"idopont\">\n<tbody>\n<tr>\n<td width=\"240\"><a class=\"rhfly\" href=\"http:\/\/noieszencia.hu\/?page_id=480\">Szem\u00e9lyes credo helyett &#187;<\/a><\/td>\n<\/tr>\n<\/tbody>\n<\/table>\n","protected":false},"excerpt":{"rendered":"<p>Bemutatkoz\u00e1s &nbsp; L\u00e1z\u00e1r Ildik\u00f3 &nbsp; 16 \u00e9ves korom \u00f3ta \u00e9rdekelnek az \u00f6nismereti, szem\u00e9lyis\u00e9gfejleszt\u0151 m\u00f3dszerek, maga az EMBER. Tanulm\u00e1nyaimat e t\u00e9m\u00e1ban 1993-ban kezdtem, az\u00f3ta k\u00edv\u00e1ncsis\u00e1gom \u00e9s v\u00e1gyam a tanul\u00e1sra kiapadhatatlan. A hobbiszint\u0171 \u00e9rdekl\u0151d\u00e9sb\u0151l, \u00f6nmagam keres\u00e9s\u00e9b\u0151l \u00e9s megismer\u00e9s\u00e9b\u0151l 1999-re \u00e9letre sz\u00f3l\u00f3 elhivatotts\u00e1g \u00e9s l\u00e9nyemet meghat\u00e1roz\u00f3 hivat\u00e1s lett. &nbsp; 2000-ben kineziol\u00f3gia szakvizsg\u00e1t tettem az Eg\u00e9szs\u00e9g\u00fcgyi Szakk\u00e9pz\u0151 \u00e9s Tov\u00e1bbk\u00e9pz\u0151 [&hellip;]<\/p>\n","protected":false},"author":1,"featured_media":0,"parent":0,"menu_order":10,"comment_status":"open","ping_status":"open","template":"","meta":{"footnotes":""},"class_list":["post-57","page","type-page","status-publish","hentry"],"_links":{"self":[{"href":"http:\/\/noieszencia.hu\/index.php?rest_route=\/wp\/v2\/pages\/57","targetHints":{"allow":["GET"]}}],"collection":[{"href":"http:\/\/noieszencia.hu\/index.php?rest_route=\/wp\/v2\/pages"}],"about":[{"href":"http:\/\/noieszencia.hu\/index.php?rest_route=\/wp\/v2\/types\/page"}],"author":[{"embeddable":true,"href":"http:\/\/noieszencia.hu\/index.php?rest_route=\/wp\/v2\/users\/1"}],"replies":[{"embeddable":true,"href":"http:\/\/noieszencia.hu\/index.php?rest_route=%2Fwp%2Fv2%2Fcomments&post=57"}],"version-history":[{"count":115,"href":"http:\/\/noieszencia.hu\/index.php?rest_route=\/wp\/v2\/pages\/57\/revisions"}],"predecessor-version":[{"id":1870,"href":"http:\/\/noieszencia.hu\/index.php?rest_route=\/wp\/v2\/pages\/57\/revisions\/1870"}],"wp:attachment":[{"href":"http:\/\/noieszencia.hu\/index.php?rest_route=%2Fwp%2Fv2%2Fmedia&parent=57"}],"curies":[{"name":"wp","href":"https:\/\/api.w.org\/{rel}","templated":true}]}}

Bemutatkozás

<h2 style="text-align: center;">Bemutatkozás</h2>
<p>&nbsp;</p>
<h3 style="text-align: center;">Lázár Ildikó</h3>
<p>&nbsp;</p>
<p style="text-align: justify;">16 éves korom óta érdekelnek az önismereti, személyiségfejlesztő módszerek, maga az EMBER.</p>
<p style="text-align: justify;">Tanulmányaimat e témában 1993-ban kezdtem, azóta kíváncsiságom és vágyam a tanulásra kiapadhatatlan.</p>
<p style="text-align: justify;">A hobbiszintű érdeklődésből, önmagam kereséséből és megismeréséből 1999-re életre szóló elhivatottság és lényemet meghatározó hivatás lett.</p>
<p style="text-align: justify;">&nbsp;</p>
<p style="text-align: justify;">2000-ben kineziológia szakvizsgát tettem az Egészségügyi Szakképző és Továbbképző Intézetben. A kineziológia ágai közül a One Brain, a Touch for Health, Stress-release és az EDU módszereket sajátítottam el.</p>
<p style="text-align: justify;">2017 tavaszán újra gazdagítottam eszköztáramat, az &#8222;Atlantisz Emlékezete &#8211; a lélek játéka&#8221; önismereti társasjáték okleveles játékmestere lettem.</p>
<p style="text-align: justify;">Munkám alapját a kineziológia, a tranzakcióanalízis, a családterápia és a <a class="ownref" title="Hellinger-féle családállítás" href="http://noieszencia.hu/?page_id=300">család- és rendszerfelállítás</a> szemléletmódja és módszertana adja.</p>
<p style="text-align: justify;">&nbsp;</p>
<p style="text-align: justify;">A fenti módszereken felül tanultam grafológiát, EFT-t (Emotional Freedom Technics), Reiki-t, projektív rajzelemzést és dinamikus rajzvizsgálatot, kronobiológiai pszichogenetikát, sorselemzést (Tarot és Számmisztika), Bach-virágterápiát, Grafo-pszicho-morbo analízist, valamint trénerképzőt végeztem.</p>
<p style="text-align: justify;">&nbsp;</p>
<p style="text-align: justify;">Munkám alapköve a rendszerszemlélet: rendszerekben, összefüggésekben, kapcsolatokban gondolkodom és dolgozom. Vallom, hogy sem az ember, sem egy-egy problémája nem kezelhető elszigetelt egységként, hiszen szoros kapcsolatban áll környezetével.</p>
<p style="text-align: justify;">&nbsp;</p>
<p style="text-align: justify;">Az alkotás öngyógyító ereje</p>
<p style="text-align: justify;">Egész életemet végigkísérte az alkotás vágya és szükséglete. Folyamatos igényem, hogy alkossak valamit szívvel, lélekkel, a két kezemmel. Ez a tevékenység eggyé vált a létezésemmel. Alkotással töltődöm, vigasztalódom, ez egyensúlyom, boldogságom egyik alapja. A kézművesség számos irányzatát elsajátítottam és művelem (pl. ékszerkészítés, nemezelés, kötés, horgolás, hímzés stb.) Tanultam akvarellfestést a Napfényes Alapítványnál Szabó Norberttől, akrilfestést a Művészellátó szervezésében, rajzmeditációt Mucsi Tinánál, elvégeztem a jobb agyféltekés rajztanfolyamot Murányi Ildikónál. Részt vettem Tamar Hazut (Izrael) művészetterápia workshopján, jelenleg művészet- és szocioterapeuta képzésem folyik. Évek óta tanulmányozom a szakrális geometriát, a szimbólumokat és a szimbólumgyógyítás lehetőségeit. 2000 óta tartok kreatív csoportos foglalkozásokat (pl. kézműves műhelyek, mandalafestés, zen rajz-oldás).<br />
Az önismereti és alkotásterápiás módszereken alapuló kreatív foglalkozások tartásával az a célom, hogy a résztvevők megtapasztalják a szabadon alkotás örömét, pozitív hatásait, önismeretet, kreativitást, bátorságot, önbizalmat, oldódást és töltődést merítsenek belőle, majd később tevékenységük saját öngyógyításuk alapjává váljon. Az alkotás napi szintű gyakorlása engem is megajándékoz mindezzel.</p>
<p style="text-align: justify;">&nbsp;</p>
<p style="text-align: justify;">Összefoglalva egyéni tanácsadással, család- és rendszerállítások, valamint kreatív foglalkozások és önismereti tréningek vezetésével segítem a hozzám fordulókat.</p>
<p style="text-align: justify;">&nbsp;</p>
<p style="text-align: justify;">Rendíthetetlenül hiszek a változásban, a fejlődésben, az emberi lét csodájában, abban, hogy van választásunk, és miénk a felelősség az életünkért.</p>
<p style="text-align: justify;">&nbsp;</p>
<table class="idopont">
<tbody>
<tr>
<td width="240"><a class="rhfly" href="http://noieszencia.hu/?page_id=480">Személyes credo helyett &#187;</a></td>
</tr>
</tbody>
</table>

<p>Bemutatkozás &nbsp; Lázár Ildikó &nbsp; 16 éves korom óta érdekelnek az önismereti, személyiségfejlesztő módszerek, maga az EMBER. Tanulmányaimat e témában 1993-ban kezdtem, azóta kíváncsiságom és vágyam a tanulásra kiapadhatatlan. A hobbiszintű érdeklődésből, önmagam kereséséből és megismeréséből 1999-re életre szóló elhivatottság és lényemet meghatározó hivatás lett. &nbsp; 2000-ben kineziológia szakvizsgát tettem az Egészségügyi Szakképző és Továbbképző [&hellip;]</p>
