{"id":94,"date":"2011-05-31T21:21:33","date_gmt":"2011-05-31T21:21:33","guid":{"rendered":"http:\/\/noieszencia.hu\/?page_id=94"},"modified":"2025-06-11T22:39:09","modified_gmt":"2025-06-11T21:39:09","slug":"kapcsolat","status":"publish","type":"page","link":"http:\/\/noieszencia.hu\/?page_id=94","title":{"rendered":"Kapcsolat"},"content":{"rendered":"<h2 style=\"text-align: center;\">Kapcsolat<\/h2>\n<p>&nbsp;<\/p>\n<h3>L\u00e1z\u00e1r Ildik\u00f3<\/h3>\n<p>Tel: 06 30 222 3815<\/p>\n<form class=\"buttons\" action=\"https:\/\/noieszencia.hu\/?page_id=509\" method=\"post\"><button>E-mail k\u00fcld\u00e9se<\/button><br \/>\n<\/form>\n","protected":false},"excerpt":{"rendered":"<p>Kapcsolat &nbsp; L\u00e1z\u00e1r Ildik\u00f3 Tel: 06 30 222 3815 E-mail k\u00fcld\u00e9se<\/p>\n","protected":false},"author":1,"featured_media":0,"parent":0,"menu_order":95,"comment_status":"open","ping_status":"open","template":"","meta":{"footnotes":""},"class_list":["post-94","page","type-page","status-publish","hentry"],"_links":{"self":[{"href":"http:\/\/noieszencia.hu\/index.php?rest_route=\/wp\/v2\/pages\/94","targetHints":{"allow":["GET"]}}],"collection":[{"href":"http:\/\/noieszencia.hu\/index.php?rest_route=\/wp\/v2\/pages"}],"about":[{"href":"http:\/\/noieszencia.hu\/index.php?rest_route=\/wp\/v2\/types\/page"}],"author":[{"embeddable":true,"href":"http:\/\/noieszencia.hu\/index.php?rest_route=\/wp\/v2\/users\/1"}],"replies":[{"embeddable":true,"href":"http:\/\/noieszencia.hu\/index.php?rest_route=%2Fwp%2Fv2%2Fcomments&post=94"}],"version-history":[{"count":47,"href":"http:\/\/noieszencia.hu\/index.php?rest_route=\/wp\/v2\/pages\/94\/revisions"}],"predecessor-version":[{"id":2383,"href":"http:\/\/noieszencia.hu\/index.php?rest_route=\/wp\/v2\/pages\/94\/revisions\/2383"}],"wp:attachment":[{"href":"http:\/\/noieszencia.hu\/index.php?rest_route=%2Fwp%2Fv2%2Fmedia&parent=94"}],"curies":[{"name":"wp","href":"https:\/\/api.w.org\/{rel}","templated":true}]}}