{"id":965,"date":"2012-05-05T16:29:02","date_gmt":"2012-05-05T16:29:02","guid":{"rendered":"http:\/\/noieszencia.hu\/?page_id=965"},"modified":"2020-01-22T11:11:26","modified_gmt":"2020-01-22T10:11:26","slug":"hosok-tere-trening","status":"publish","type":"page","link":"http:\/\/noieszencia.hu\/?page_id=965","title":{"rendered":"(H)\u0150s\u00f6k tere"},"content":{"rendered":"<p style=\"font-size: 85%; text-align: justify;\"><em>&#8222;A meghajl\u00e1s a sz\u00fcl\u0151k el\u0151tt az \u00e9let elfogad\u00e1sa, olyannak, amilyennek kaptam, az \u00e1rnak az elfogad\u00e1sa, amely\u00e9rt kaptam, \u00e9s a sorsnak az elfogad\u00e1sa, amely el\u0151 van \u00edrva a sz\u00e1momra. A meghajl\u00e1s mindig a sz\u00fcl\u0151kn\u00e9l kezd\u0151dik. Ezzel jelzem, hogy elfogadom a sorsomat, a lehet\u0151s\u00e9geimet \u00e9s a hat\u00e1raimat.&#8221;<\/em><\/p>\n<p style=\"text-align: left; font-size: 85%;\">Bert Hellinger<\/p>\n<p>&nbsp;<\/p>\n<h2 style=\"text-align: center;\">(H)\u0150S\u00d6K TERE<\/h2>\n<p>&nbsp;<\/p>\n<h3 style=\"text-align: center;\">Csal\u00e1di \u00f6r\u00f6ks\u00e9g\u00fcnk gy\u00f3gy\u00edt\u00e1sa az elfogad\u00e1s \u00e1ltal<\/h3>\n<p>&nbsp;<\/p>\n<p style=\"text-align: justify;\">A fa a gy\u00f6kereib\u0151l t\u00e1pl\u00e1lkozik. Ha gy\u00f6ker\u00e9vel nincs kapcsolata, elpusztul, vagy csak veget\u00e1l, nem fejl\u0151dik.<br \/>\n\u00c9pp\u00fagy, mint egy fa, mi emberek is a gy\u00f6kereinkb\u0151l t\u00e1pl\u00e1lkozunk. A mi gy\u00f6kereink a m\u00faltunk, el\u0151deink t\u00f6rt\u00e9nete, sorsa. Ezernyi sz\u00e1llal k\u00f6t\u0151d\u00fcnk sz\u00fcleinkhez, nagysz\u00fcleinkhez, az \u0151s\u00f6kh\u00f6z, sz\u00e1nd\u00e9kunkt\u00f3l f\u00fcggetlen\u00fcl hatnak r\u00e1nk. \u0150seinkt\u0151l \u00e1ramlik az \u00e9let fel\u00e9nk. Ez\u00e9rt csal\u00e1df\u00e1nkat ak\u00e1r \u00e9letf\u00e1nak is nevezhetn\u00e9nk.<\/p>\n<p>&nbsp;<\/p>\n<p style=\"text-align: justify;\">Mindannyian vissz\u00fck magunkkal akarva-akaratlan azt az \u00f6r\u00f6ks\u00e9get, amelyet csal\u00e1dunkt\u00f3l kaptunk.<\/p>\n<p style=\"text-align: justify;\">Sokszor el\u0151fordul, hogy probl\u00e9m\u00e1ink gy\u00f6kere &#8211; saj\u00e1t \u00e9let\u00fcnk\u00f6n t\u00falmutatva &#8211; csal\u00e1di rendszer\u00fcnkb\u0151l ered. Terheink egy r\u00e9sz\u00e9t a csal\u00e1d, vagy annak tagjai ir\u00e1nti h\u0171s\u00e9gb\u0151l cipelj\u00fck, an\u00e9lk\u00fcl, hogy tudom\u00e1sunk volna r\u00f3la.<\/p>\n<p>&nbsp;<\/p>\n<p style=\"text-align: justify;\">A csal\u00e1di rendszerben t\u00f6rt\u00e9ntek hatnak r\u00e1nk, j\u00f3 \u00e9s rossz dolgok egyar\u00e1nt, \u00edgy a megoldatlan probl\u00e9m\u00e1k is. Gener\u00e1ci\u00f3r\u00f3l gener\u00e1ci\u00f3ra hagyom\u00e1nyoz\u00f3dnak viselked\u00e9si mint\u00e1zatok, sorsok. Rajtunk m\u00falik, mit \u00f6r\u00f6k\u00edt\u00fcnk tov\u00e1bb ut\u00f3daink fel\u00e9. A felel\u0151ss\u00e9g a mi\u00e9nk &#8211; itt \u00e9s most.<\/p>\n<p>&nbsp;<\/p>\n<p style=\"text-align: justify;\">A tr\u00e9ning lehet\u0151s\u00e9get ad arra, hogy ezekre a mint\u00e1zatokra r\u00e1l\u00e1ssunk, ha sz\u00fcks\u00e9ges, oldjuk azokat.<\/p>\n<p>&nbsp;<\/p>\n<p style=\"text-align: justify;\">A h\u00e9tv\u00e9g\u00e9n a csal\u00e1di rendszer\u00fcnkkel \u00e9s a benne elfoglalt hely\u00fcnkkel foglalkozunk. M\u00e9lyebb \u00f6sszef\u00fcgg\u00e9seket keres\u00fcnk, felfedezz\u00fck jelent\u0151s\u00e9g\u00e9t, hat\u00e1s\u00e1t az \u00e9let\u00fcnkre. Saj\u00e1t \u00e9lm\u00e9ny\u0171 gyakorlatok seg\u00edts\u00e9g\u00e9vel megtanuljuk tisztelni \u00e9s elfogadni azt a rendszert, amelyt\u0151l az \u00e9letet kaptuk.<\/p>\n<p>&nbsp;<\/p>\n<p style=\"text-align: justify;\">A tr\u00e9ning hat\u00e1s\u00e1ra a ki\u00fcresedett kapcsolatok megelevenedhetnek, a f\u00e1jdalommal telik megtisztulhatnak, a bonyolultak egyszer\u0171bb\u00e9 \u00e9s \u00e1tl\u00e1that\u00f3bb\u00e1 v\u00e1lhatnak. Ez a fajta megtisztul\u00e1s akkor is l\u00e9trej\u00f6het, ha az adott szem\u00e9ly bizonyos tetteivel, viselked\u00e9s\u00e9vel nem \u00e9rt\u00fcnk egyet.<\/p>\n<p>&nbsp;<\/p>\n<p style=\"text-align: justify;\">A rendszerszeml\u00e9let\u0171 \u00f6nismereti munka a jobb magunkra l\u00e1t\u00e1st szolg\u00e1lja, a fel- \u00e9s elismer\u00e9s\u00e9t annak, ami van: a val\u00f3s\u00e1g\u00e9t. Az elismer\u00e9sen kereszt\u00fcl juthatunk k\u00f6zelebb \u0151seink, csal\u00e1dunk teljesebb elfogad\u00e1s\u00e1hoz, s ez\u00e1ltal a fel\u0151l\u00fck \u00e1raml\u00f3 \u00e9letet \u00e9s energi\u00e1t is fogadni tudjuk, \u00faj \u00e9letre kel benn\u00fcnk, s k\u00e9s\u0151bb gyermekeinkben is. Seg\u00edt elm\u00e9ly\u00edteni a hozz\u00e1juk f\u0171z\u0151d\u0151 szeretetet.<\/p>\n<p>&nbsp;<\/p>\n<p style=\"text-align: justify;\">A csoportos munka alapja a rendszerszeml\u00e9let\u0171 megk\u00f6zel\u00edt\u00e9s, ezen bel\u00fcl a Hellinger-f\u00e9le csal\u00e1d\u00e1ll\u00edt\u00e1s szeml\u00e9letm\u00f3dja, melyeket csal\u00e1dter\u00e1pi\u00e1s eszk\u00f6z\u00f6kkel, gyakorlatokkal gazdag\u00edtunk.<\/p>\n<p>&nbsp;<\/p>\n<p><!--\n\n\n\n<p style=\"text-align: justify;\"><strong>A tr\u00e9ning t\u00e9m\u00e1ib\u00f3l:<\/strong><\/p>\n\n\n\n\n\n<p>- Melyek a szeretet rendjei, \u00e9s mire j\u00f3k?<\/p>\n\n\n\n\n\n<p>- Mi\u00e9rt fontos az adok-kapok egyens\u00falya a kapcsolatokban?<\/p>\n\n\n\n\n\n<p>- Mi a l\u00e9lek \u00e9s lelkiismeret szerepe az \u00e9let\u00fcnkben, \u00e9s hogyan \"mozgat\" minket?<\/p>\n\n\n\n\n\n<p>- Mit\u0151l v\u00e1lik n\u0151v\u00e9 a n\u0151, f\u00e9rfiv\u00e1 a f\u00e9rfi?<\/p>\n\n\n\n\n\n<p>- Milyen titkokat tartogat sz\u00e1munkra a csal\u00e1df\u00e1nk?<\/p>\n\n\n\n\n\n<p>- Mit\u0151l v\u00e1lik\u00a0 a vak szeretet l\u00e1t\u00f3 szeretett\u00e9?<\/p>\n\n\n\n&nbsp;\n\n\n\n<p style=\"text-align: justify;\"><strong>Hol?<\/strong><\/p>\n\n\n\n\n<p style=\"text-align: justify;\">Egy gy\u00f6ny\u00f6r\u0171 helysz\u00ednen, Holl\u00f3k\u0151n, ahol a m\u00falt, az \u0151s\u00f6k energi\u00e1ja, a hagyom\u00e1ny elengedhetetlen r\u00e9sz\u00e9v\u00e9 v\u00e1lik a jelen\u00fcnknek.<\/p>\n\n\n\n\n<p style=\"text-align: justify;\">Tug\u00e1ri Vend\u00e9gh\u00e1z: \u00a0<a class=\"rhfly\" href=\"http:\/\/www.holloko-tugarivendeghaz.hu\" target=\"_blank\" rel=\"noopener noreferrer\">http:\/\/www.holloko-tugarivendeghaz.hu<\/a><\/p>\n\n\n\n\n<p style=\"text-align: justify;\">&nbsp;<\/p>\n\n\n\n\n<p style=\"text-align: justify;\"><strong>Mikor?<\/strong><\/p>\n\n\n\n\n<p style=\"text-align: justify;\">2019. m\u00e1jus 10-12.<\/p>\n\n\n\n\n<p style=\"text-align: justify;\">&nbsp;<\/p>\n\n\n\n\n<p style=\"text-align: justify;\">A h\u00e9tv\u00e9ge \u00e1ra: <strong>55 000,- Ft<\/strong>, amely mag\u00e1ban foglalja a sz\u00e1ll\u00e1s, teljes ell\u00e1t\u00e1s, a tr\u00e9ning \u00e9s a programok k\u00f6lts\u00e9g\u00e9t.<\/p>\n\n\n\n\n\n<p style=\"text-align: justify;\">&nbsp;<\/p>\n\n\n\n--><\/p>\n<table class=\"center\">\n<tbody>\n<tr>\n<td><a class=\"rhfly\" href=\"https:\/\/alelekjateka.wixsite.com\/alelekjateka\/tabor\" target=\"_blank\" rel=\"noopener noreferrer\">Tov\u00e1bbi r\u00e9szletek\u00e9rt kattints ide &#187;<\/a><\/td>\n<\/tr>\n<\/tbody>\n<\/table>\n<p style=\"text-align: justify;\">&nbsp;<\/p>\n<p style=\"text-align: justify;\"><em>&#8222;Kapcsolataink t\u00fal\u00e9l\u00e9s\u00fcnket \u00e9s kibontakoz\u00e1sunkat szolg\u00e1lj\u00e1k \u00e9s emellett olyan c\u00e9lok el\u00e9r\u00e9s\u00e9hez haszn\u00e1lnak benn\u00fcnket, amelyek t\u00falmutatnak saj\u00e1t v\u00e1gyainkon \u00e9s akaratunkon. Ez\u00e9rt a kapcsolatokban olyan rendek \u00e9s hatalmak ir\u00e1ny\u00edtanak, amelyek t\u00e1mogatnak \u00e9s megk\u00f6vetelnek t\u0151l\u00fcnk dolgokat, hajtanak \u00e9s vezetnek, boldogg\u00e1 tesznek \u00e9s korl\u00e1toznak: \u00e9s ak\u00e1r akarjuk, ak\u00e1r nem, ki vagyunk szolg\u00e1ltatva nekik az \u00f6szt\u00f6n\u00f6k \u00e9s sz\u00fcks\u00e9gletek, a v\u00e1gy, a v\u00e9delem \u00e9s a szenved\u00e9s \u00e1ltal.<\/em><\/p>\n<p style=\"text-align: justify;\"><em>Kapcsol\u00f3d\u00e1saink egyre nagyobb k\u00f6r\u00f6ket foglalnak magukba. Egy sz\u0171k csoportba, a sz\u00e1rmaz\u00e1si csal\u00e1dunkba sz\u00fclet\u00fcnk bele, \u00e9s az hat\u00e1rozza meg kapcsolatainkat. Ezut\u00e1n \u00fajabb rendszerek k\u00f6vetkeznek \u00e9s v\u00e9g\u00fcl egy egyetemes. Ezen rendszerek mindegyik\u00e9ben m\u00e1sk\u00e9pp \u00e9rv\u00e9nyes\u00fclnek a rendek.&#8221; <\/em>Gunthard Weber<\/p>\n<p>&nbsp;<\/p>\n<table class=\"center\">\n<tbody>\n<tr>\n<td>A tr\u00e9ninget vezeti:<\/td>\n<td><a class=\"rhfly\" href=\"http:\/\/lolaverzum.wixsite.com\/lolaverzum\" target=\"_blank\" rel=\"noopener noreferrer\">Salamon Laura &#187;<\/a><\/td>\n<\/tr>\n<tr>\n<td><\/td>\n<td><a class=\"rhfly\" href=\"http:\/\/noieszencia.hu\/?page_id=94\">L\u00e1z\u00e1r Ildik\u00f3 &#187;<\/a><\/td>\n<\/tr>\n<\/tbody>\n<\/table>\n<p style=\"text-align: center;\">&nbsp;<\/p>\n<p style=\"text-align: center;\">V\u00e1rlak szeretettel!<\/p>\n<p>&nbsp;<br \/>\n&nbsp;<\/p>\n<hr class=\"divider\" \/>\n","protected":false},"excerpt":{"rendered":"<p>&#8222;A meghajl\u00e1s a sz\u00fcl\u0151k el\u0151tt az \u00e9let elfogad\u00e1sa, olyannak, amilyennek kaptam, az \u00e1rnak az elfogad\u00e1sa, amely\u00e9rt kaptam, \u00e9s a sorsnak az elfogad\u00e1sa, amely el\u0151 van \u00edrva a sz\u00e1momra. A meghajl\u00e1s mindig a sz\u00fcl\u0151kn\u00e9l kezd\u0151dik. Ezzel jelzem, hogy elfogadom a sorsomat, a lehet\u0151s\u00e9geimet \u00e9s a hat\u00e1raimat.&#8221; Bert Hellinger &nbsp; (H)\u0150S\u00d6K TERE &nbsp; Csal\u00e1di \u00f6r\u00f6ks\u00e9g\u00fcnk gy\u00f3gy\u00edt\u00e1sa az [&hellip;]<\/p>\n","protected":false},"author":1,"featured_media":0,"parent":0,"menu_order":78,"comment_status":"open","ping_status":"open","template":"","meta":{"footnotes":""},"class_list":["post-965","page","type-page","status-publish","hentry"],"_links":{"self":[{"href":"http:\/\/noieszencia.hu\/index.php?rest_route=\/wp\/v2\/pages\/965","targetHints":{"allow":["GET"]}}],"collection":[{"href":"http:\/\/noieszencia.hu\/index.php?rest_route=\/wp\/v2\/pages"}],"about":[{"href":"http:\/\/noieszencia.hu\/index.php?rest_route=\/wp\/v2\/types\/page"}],"author":[{"embeddable":true,"href":"http:\/\/noieszencia.hu\/index.php?rest_route=\/wp\/v2\/users\/1"}],"replies":[{"embeddable":true,"href":"http:\/\/noieszencia.hu\/index.php?rest_route=%2Fwp%2Fv2%2Fcomments&post=965"}],"version-history":[{"count":46,"href":"http:\/\/noieszencia.hu\/index.php?rest_route=\/wp\/v2\/pages\/965\/revisions"}],"predecessor-version":[{"id":2066,"href":"http:\/\/noieszencia.hu\/index.php?rest_route=\/wp\/v2\/pages\/965\/revisions\/2066"}],"wp:attachment":[{"href":"http:\/\/noieszencia.hu\/index.php?rest_route=%2Fwp%2Fv2%2Fmedia&parent=965"}],"curies":[{"name":"wp","href":"https:\/\/api.w.org\/{rel}","templated":true}]}}

(H)Ősök tere

<p style="font-size: 85%; text-align: justify;"><em>&#8222;A meghajlás a szülők előtt az élet elfogadása, olyannak, amilyennek kaptam, az árnak az elfogadása, amelyért kaptam, és a sorsnak az elfogadása, amely elő van írva a számomra. A meghajlás mindig a szülőknél kezdődik. Ezzel jelzem, hogy elfogadom a sorsomat, a lehetőségeimet és a határaimat.&#8221;</em></p>
<p style="text-align: left; font-size: 85%;">Bert Hellinger</p>
<p>&nbsp;</p>
<h2 style="text-align: center;">(H)ŐSÖK TERE</h2>
<p>&nbsp;</p>
<h3 style="text-align: center;">Családi örökségünk gyógyítása az elfogadás által</h3>
<p>&nbsp;</p>
<p style="text-align: justify;">A fa a gyökereiből táplálkozik. Ha gyökerével nincs kapcsolata, elpusztul, vagy csak vegetál, nem fejlődik.<br />
Éppúgy, mint egy fa, mi emberek is a gyökereinkből táplálkozunk. A mi gyökereink a múltunk, elődeink története, sorsa. Ezernyi szállal kötődünk szüleinkhez, nagyszüleinkhez, az ősökhöz, szándékunktól függetlenül hatnak ránk. Őseinktől áramlik az élet felénk. Ezért családfánkat akár életfának is nevezhetnénk.</p>
<p>&nbsp;</p>
<p style="text-align: justify;">Mindannyian visszük magunkkal akarva-akaratlan azt az örökséget, amelyet családunktól kaptunk.</p>
<p style="text-align: justify;">Sokszor előfordul, hogy problémáink gyökere &#8211; saját életünkön túlmutatva &#8211; családi rendszerünkből ered. Terheink egy részét a család, vagy annak tagjai iránti hűségből cipeljük, anélkül, hogy tudomásunk volna róla.</p>
<p>&nbsp;</p>
<p style="text-align: justify;">A családi rendszerben történtek hatnak ránk, jó és rossz dolgok egyaránt, így a megoldatlan problémák is. Generációról generációra hagyományozódnak viselkedési mintázatok, sorsok. Rajtunk múlik, mit örökítünk tovább utódaink felé. A felelősség a miénk &#8211; itt és most.</p>
<p>&nbsp;</p>
<p style="text-align: justify;">A tréning lehetőséget ad arra, hogy ezekre a mintázatokra rálássunk, ha szükséges, oldjuk azokat.</p>
<p>&nbsp;</p>
<p style="text-align: justify;">A hétvégén a családi rendszerünkkel és a benne elfoglalt helyünkkel foglalkozunk. Mélyebb összefüggéseket keresünk, felfedezzük jelentőségét, hatását az életünkre. Saját élményű gyakorlatok segítségével megtanuljuk tisztelni és elfogadni azt a rendszert, amelytől az életet kaptuk.</p>
<p>&nbsp;</p>
<p style="text-align: justify;">A tréning hatására a kiüresedett kapcsolatok megelevenedhetnek, a fájdalommal telik megtisztulhatnak, a bonyolultak egyszerűbbé és átláthatóbbá válhatnak. Ez a fajta megtisztulás akkor is létrejöhet, ha az adott személy bizonyos tetteivel, viselkedésével nem értünk egyet.</p>
<p>&nbsp;</p>
<p style="text-align: justify;">A rendszerszemléletű önismereti munka a jobb magunkra látást szolgálja, a fel- és elismerését annak, ami van: a valóságét. Az elismerésen keresztül juthatunk közelebb őseink, családunk teljesebb elfogadásához, s ezáltal a felőlük áramló életet és energiát is fogadni tudjuk, új életre kel bennünk, s később gyermekeinkben is. Segít elmélyíteni a hozzájuk fűződő szeretetet.</p>
<p>&nbsp;</p>
<p style="text-align: justify;">A csoportos munka alapja a rendszerszemléletű megközelítés, ezen belül a Hellinger-féle családállítás szemléletmódja, melyeket családterápiás eszközökkel, gyakorlatokkal gazdagítunk.</p>
<p>&nbsp;</p>
<p><!--



<p style="text-align: justify;"><strong>A tréning témáiból:</strong></p>





<p>- Melyek a szeretet rendjei, és mire jók?</p>





<p>- Miért fontos az adok-kapok egyensúlya a kapcsolatokban?</p>





<p>- Mi a lélek és lelkiismeret szerepe az életünkben, és hogyan "mozgat" minket?</p>





<p>- Mitől válik nővé a nő, férfivá a férfi?</p>





<p>- Milyen titkokat tartogat számunkra a családfánk?</p>





<p>- Mitől válik  a vak szeretet látó szeretetté?</p>



&nbsp;



<p style="text-align: justify;"><strong>Hol?</strong></p>




<p style="text-align: justify;">Egy gyönyörű helyszínen, Hollókőn, ahol a múlt, az ősök energiája, a hagyomány elengedhetetlen részévé válik a jelenünknek.</p>




<p style="text-align: justify;">Tugári Vendégház:  <a class="rhfly" href="http://www.holloko-tugarivendeghaz.hu" target="_blank" rel="noopener noreferrer">http://www.holloko-tugarivendeghaz.hu</a></p>




<p style="text-align: justify;">&nbsp;</p>




<p style="text-align: justify;"><strong>Mikor?</strong></p>




<p style="text-align: justify;">2019. május 10-12.</p>




<p style="text-align: justify;">&nbsp;</p>




<p style="text-align: justify;">A hétvége ára: <strong>55 000,- Ft</strong>, amely magában foglalja a szállás, teljes ellátás, a tréning és a programok költségét.</p>





<p style="text-align: justify;">&nbsp;</p>



--></p>
<table class="center">
<tbody>
<tr>
<td><a class="rhfly" href="https://alelekjateka.wixsite.com/alelekjateka/tabor" target="_blank" rel="noopener noreferrer">További részletekért kattints ide &#187;</a></td>
</tr>
</tbody>
</table>
<p style="text-align: justify;">&nbsp;</p>
<p style="text-align: justify;"><em>&#8222;Kapcsolataink túlélésünket és kibontakozásunkat szolgálják és emellett olyan célok eléréséhez használnak bennünket, amelyek túlmutatnak saját vágyainkon és akaratunkon. Ezért a kapcsolatokban olyan rendek és hatalmak irányítanak, amelyek támogatnak és megkövetelnek tőlünk dolgokat, hajtanak és vezetnek, boldoggá tesznek és korlátoznak: és akár akarjuk, akár nem, ki vagyunk szolgáltatva nekik az ösztönök és szükségletek, a vágy, a védelem és a szenvedés által.</em></p>
<p style="text-align: justify;"><em>Kapcsolódásaink egyre nagyobb köröket foglalnak magukba. Egy szűk csoportba, a származási családunkba születünk bele, és az határozza meg kapcsolatainkat. Ezután újabb rendszerek következnek és végül egy egyetemes. Ezen rendszerek mindegyikében másképp érvényesülnek a rendek.&#8221; </em>Gunthard Weber</p>
<p>&nbsp;</p>
<table class="center">
<tbody>
<tr>
<td>A tréninget vezeti:</td>
<td><a class="rhfly" href="http://lolaverzum.wixsite.com/lolaverzum" target="_blank" rel="noopener noreferrer">Salamon Laura &#187;</a></td>
</tr>
<tr>
<td></td>
<td><a class="rhfly" href="http://noieszencia.hu/?page_id=94">Lázár Ildikó &#187;</a></td>
</tr>
</tbody>
</table>
<p style="text-align: center;">&nbsp;</p>
<p style="text-align: center;">Várlak szeretettel!</p>
<p>&nbsp;<br />
&nbsp;</p>
<hr class="divider" />

<p>&#8222;A meghajlás a szülők előtt az élet elfogadása, olyannak, amilyennek kaptam, az árnak az elfogadása, amelyért kaptam, és a sorsnak az elfogadása, amely elő van írva a számomra. A meghajlás mindig a szülőknél kezdődik. Ezzel jelzem, hogy elfogadom a sorsomat, a lehetőségeimet és a határaimat.&#8221; Bert Hellinger &nbsp; (H)ŐSÖK TERE &nbsp; Családi örökségünk gyógyítása az [&hellip;]</p>
